 15. Suppose 3*y - 73*j - 12 = -70*j, -2*y + 3*j = -5. What is p(y)?
8
Let y(z) = -348764*z**2 + 348763*z**2 - 1 - 1 + 5 - 2. Let a be 4 + -1*(-1 - -2). Determine y(a).
-8
Let d(o) be the third derivative of -o**5/60 - o**4/6 + o**3/2 - 23*o**2 - 2. Let l(m) = -2*m**2 - 3*m + 2. Let s be l(-3). Determine d(s).
-18
Suppose 393*v - 335*v + 174 = 0. Let x(l) = -l - 5. Calculate x(v).
-2
Let v(f) = 6 - 39 - 5*f + 7. Let s be (-72)/(-96) - (-135)/(-20). Give v(s).
4
Let n = 39 - 29. Let k(j) be the second derivative of j**3/6 - j**2 + 2*j + 293. What is k(n)?
8
Let n(a) = 62*a + 169. Let y(r) = -9*r - 1. Let o(h) = n(h) + 6*y(h). Calculate o(-21).
-5
Suppose 2*b - 2 = b. Suppose -b*d - 6 = p, 4*d + 0 = 2*p - 12. Let i(x) = -167*x - 5. Let o(y) = -195*y - 6. Let a(w) = 7*i(w) - 6*o(w). What is a(d)?
-2
Let j(x) = -x**2 + 17*x + 57. Let z be (-375)/(-300) + 34/(-8). Determine j(z).
-3
Let b(t) = -t**3 - 9*t**2 - 3*t + 5. Let f(o) = -o**3 + 2*o**2 - 14*o - 253. Let a be f(-5). What is b(a)?
-35
Let a(p) = -p**2 + 16*p - 13. Let y = -4593 + 4602. Calculate a(y).
50
Let l(g) = -g - 16. Let m be (2 - -5)*70/49. Suppose 10*s - 5*s = -m*s. Calculate l(s).
-16
Suppose -36*o = -40*o + b + 2296, -5*b - 1130 = -2*o. Let n be ((-9)/1 - 1)*460/o. Let v(a) = 1 + 1 + 9*a - 1 - a**3 - 7*a**2. Give v(n).
-7
Let v(o) be the third derivative of o**5/30 + 3*o**4/8 - 7*o**3/6 + 71*o**2 - 15. Determine v(-6).
11
Let f(g) = -4*g**2 - g - 9. Let c be ((7 - 21) + 14)*2/(-6). What is f(c)?
-9
Let f = 2359 + -2354. Let g(q) = q**2 - 16*q + 54. Give g(f).
-1
Let t(z) = 3 - z**2 + 2*z**2 + 4*z + 2*z. Let a be -5 - 118/(-14) - 4/(-7). Suppose 16 - a = -3*k. Give t(k).
-5
Let a = 15173 - 15178. Let d(w) = -w**3 - 4*w**2 + 13*w + 17. Determine d(a).
-23
Let a(j) = -19*j + 1. Let g = 47 - 46. Let c = g - 3. Give a(c).
39
Suppose x - 4*t + 16 = 0, -7080*t + 7076*t = -5*x - 48. Let o be 2/(-6) - 20/(-6). Let i(w) = 4*w - o - 2*w - 3*w. Give i(x).
5
Let x be (-3)/(-2)*(-10 - -12). Let c(n) be the third derivative of -n**5/20 + n**4/12 - n**3/3 + 37*n**2 + 6. Calculate c(x).
-23
Let p(z) = -6*z + 4*z**3 - 3*z**3 - 2 + 0 + 5 - 5*z**2. Let d = -62 - -71. Suppose -4*f + b = -29 + 8, -5*b = -f - d. Calculate p(f).
3
Let x(z) = -398*z**2 + 9*z + 4. Let j(p) = -133*p**2 + p + 1. Let m(b) = -3*j(b) + x(b). Suppose r + 9 = -0*r. Determine m(r).
28
Suppose -51*t - 513 = 23*t - 2067. Let j(d) = d**2 - 26*d + 51. Calculate j(t).
-54
Let c(s) = 2*s + 8*s**3 + 5 - 12 - 2*s**2 + 6. Let l be (-4)/20*(-30)/6. Determine c(l).
7
Suppose 0 = -120*r + 124*r + 4*b - 32, -5*r + 70 = -b. Let c(a) = -a. Let q(w) = 3*w - 14. Let n(j) = 2*c(j) + q(j). What is n(r)?
-1
Let p = -12075 - -12076. Let i(a) be the second derivative of -3*a**5/20 + a**2/2 + a. Determine i(p).
-2
Let w be 5/2 - 2/4. Let c be w/5 + 99/15. Let d(o) be the second derivative of o**5/20 - 7*o**4/12 + o**3/3 - 3*o**2 + 103900*o. What is d(c)?
8
Let c = 46 + -41. Let k = c + -16. Let l(g) = g**2 + 12*g + 5. Let t be l(k). Let p(x) = 2*x + 4. Give p(t).
-8
Let a(t) = t**3 + 5*t**2 + 5*t + 13. Let r(q) = -2*q - 38. Let p be r(-17). Let h be a(p). Let n(g) = g**2 - 10*g + 10. Give n(h).
1
Let k(f) = f**2 + 43*f + 158. Let r(l) = 96*l - 4132. Let j be r(43). Give k(j).
2
Let u(p) = -p**3 - 4*p**2 + 2*p - 2. Let c be ((12/(-3) - -7) + -1)/2. Let q be c/((-6)/(-96)*-4). Give u(q).
-10
Suppose -14*v = 12*v - 10*v - 224. Let c(p) = p**3 - 15*p**2 + 14*p + 6. Calculate c(v).
6
Let r(l) = -l**2 + 5*l - 4. Let m be -2 + (1 - -1 - 71). Let g = -25 - m. Suppose 50*z = g*z + 20. Calculate r(z).
-4
Let l = 1/4289 - -30021/8578. Let d(p) be the second derivative of 0 + l*p**2 - 1/6*p**3 - 3*p. What is d(0)?
7
Let c(w) = 342 - 691 + 348 - w. Determine c(-5).
4
Suppose -84 = 129*j - 122*j. Let n(o) be the second derivative of -o**3/6 + 2*o. Determine n(j).
12
Let m(t) = t**2 - t + 1. Let r be (-3 - (-20)/6)*(4 - 46). Let c be ((-4)/(-8)*4)/(7/r). Give m(c).
21
Let y(r) be the first derivative of 5*r**2/2 - 109*r + 974. Give y(20).
-9
Let j(h) = -3*h**2 + 58*h - 486. Let n(q) = 5*q**2 - 117*q + 973. Let m(r) = 7*j(r) + 4*n(r). Calculate m(-69).
7
Let k(y) = y**2 - 5*y + 8. Let n(a) = -34*a + 92. Let x be n(16). Let h = x - -459. What is k(h)?
22
Suppose -x = 3*x - 12. Let r(b) = -b - x + 10 - 2*b + 8*b. Let c = -150 + 144. Determine r(c).
-23
Let c(s) = s**3 + 4*s**2 + 2*s - 5. Let k(l) = 0*l**3 - 8673*l**2 - 11*l + 8652*l**2 + 27 - 5*l**3. Let h(o) = 11*c(o) + 2*k(o). Calculate h(-3).
-10
Let m = 208 + -208. Suppose -19*w - 76 = -m*w. Let l(j) = 3*j + 3. Give l(w).
-9
Let t(n) = -3*n - n**3 - 3*n**3 + 5 + 10*n**2 - 16*n**2 + n**3 + 2*n**3. Suppose -3*q - 3*s = 12, -2*q - 5*s - 1 = 4. Determine t(q).
-5
Let a(w) = -w**2 - 8*w + 13. Let o be a(-9). Let v(m) = 1 + 587*m**2 - 886*m**3 - 299*m**2 + 2*m - 291*m**2 + 887*m**3. Calculate v(o).
25
Let s = 235 - 233. Let v(x) = -61926 + 20*x**s + x + 61926. Give v(-1).
19
Let w(l) be the third derivative of -l**6/120 + l**5/20 - l**4/8 + l**3/2 - 3*l**2. Suppose -20*n - 5*r = -16*n + 27, -41 = -17*n + r. Calculate w(n).
1
Let t be ((-306)/5)/(10/75). Let g = -459 - t. Let p(v) = v**3 - v**2 - v - 12. Calculate p(g).
-12
Let r(f) = -f + f - f + 0. Let g be r(7). Let d(z) be the third derivative of z**4/12 + z**3 + 9482*z**2 - 15*z + 2. Calculate d(g).
-8
Let x(i) be the second derivative of -i**4/6 + 3*i**3 + 5*i**2 - 739*i. Give x(9).
10
Let f(l) be the first derivative of -l**4/4 + 14*l**3/3 + l**2 - 15*l + 553. Let s be 11 + (0 - 4) + 7. Determine f(s).
13
Let c(s) = -43*s - 1 - 6 - 7 - 7 + 46*s. Calculate c(11).
12
Let m(h) = -2*h**2 - 14*h + 28. Suppose 3*y = -119*w + 123*w + 27, 4*y + 21 = -w. Give m(w).
-8
Suppose t - 2*t + 1 = -4*m, 2*t - 4*m = 2. Let u be (-15)/(-2) - 4*(-5)/(-40). Let r(d) = 9 + 5*d + u - 19 + 2. Determine r(t).
4
Let s(v) be the first derivative of -2*v**2 - 26*v - 1096. What is s(-9)?
10
Let o(z) = z**2 + 6*z - 11. Let r = 129 + -121. Suppose 19 = -3*q - 5*p, -2*p + r = -4*q - 0*q. Let u be (q/3)/1 + -7. Give o(u).
5
Let k(m) be the third derivative of m**5/30 + 17*m**4/12 - 2*m**3 - m**2 - 4*m - 148. Calculate k(-18).
24
Suppose -t + 5 = 0, 3*i + 4885 = -i + 5*t. Let o be (i/(-540))/(2*6/(-32)). Let b(f) = -f**3 - 7*f**2 - 8*f - 5. Determine b(o).
7
Let k be 767 - 768 - (-4 + 3 + -1). Let u(g) be the third derivative of -g**6/15 + g**5/30 + g**4/24 - g**3/3 + 2*g**2. Determine u(k).
-7
Let v be (-21 + (-4089)/(-203))*(-14)/3. Let i(u) be the first derivative of -2*u + 6 - v*u**2 - 1/3*u**3. Give i(-7).
5
Let a(m) = m - 9. Suppose -27 = 2*s + 5*w, -2*w = 5*s + 3*w + 45. Determine a(s).
-15
Let u(c) = -9*c**2 + c - 1. Suppose -3*s - 25 = -2*x, -5*s + 6 = 31. Let i = x - 4. Give u(i).
-9
Suppose -1413 - 615 = 188*f + 416. Let v(d) = d - 18 - 4*d + 2*d. Give v(f).
-5
Let c(v) = v**2 + 9*v + 8. Let o be c(-6). Let p(f) = -9*f - 29. Let k be p(o). Let m(b) = -12*b**3 + 2*b**2 - b**2 - 2*b + k - 60. What is m(1)?
-12
Let z(k) = k**2 + 11*k - 14. Let n be 39 + (-35)/15*-3. Suppose 7*o = 4*q + 10*o + 50, n = -4*q - o. Give z(q).
-14
Let a(n) = -12*n**2 - 28*n + 62. Let q(h) = -8*h**2 - 19*h + 44. Let f(k) = -5*a(k) + 7*q(k). Give f(3).
55
Let y(k) = 2*k. Let b(u) = -u**3 + 4*u**2 - 15*u + 11. Let c(d) = -b(d) - 7*y(d). Give c(6).
67
Suppose 19*x - f + 2395 = 14*x, 4*f = 2*x + 940. Let g be 2 + (x/100 - 8/(-10)). Let j(k) = 13*k**2 - k + 2. Give j(g).
56
Suppose 2*y + 20 = -2*y. Let v(b) be the second derivative of -2/3*b**3 - 1/12*b**4 + 0 + 5/2*b**2 + b. Give v(y).
0
Let l(q) = 158 - 24 - 604*q**2 + 306*q**2 + 300*q**2 + 47*q. What is l(-20)?
-6
Let n(a) = -2*a**3 + 4*a**2 + a - 2. Let s = -111 - -118. Suppose s*w + 152 = 12. Let m be 3/(-5)*w/4. Give n(m).
-17
Suppose -v = -3*s - 16, 2*s + 9 = -3*v + 2*v. Let j(c) be the third derivative of -c**4/12 - c**3/6 + 84*c**2. Determine j(s).
9
Let l(q) = -2*q - 45. Let p(a) = -26*a + 235. Let o(d) = 3*l(d) + p(d). Give o(3).
4
Suppose -18 = 5*o + 22. Let u(n) = 8*n - 68*n**2 + 61*n**2 - 733*n**3 + 732*n**3. Determine u(o).
0
Let l(j) = -3*j**2 - 17*j + 9. Suppose -5*a - 884 = -18*a. Let p(u) = -130 + u**2 + a - 2*u + 8*u + 59. Let h(q) = 2*l(q) + 7*p(q). Give h(-5).
-18
Suppose 5*b + 3*b - 56 = 0. Suppose h + 4*y - 15 = b, 0 = -h + 4*y - 18. Suppose 